*2 - 11*j + 6. Let y be g(-3). Let b be ((-24)/(-36))/1 + 1/y. Calculate m(b).
-3
Let c(d) = -22 - 29 + 54. Let w(f) = -f**2 - 13. Let r(x) = 7*c(x) + w(x). Calculate r(-6).
-28
Let q(o) = 24*o**2 - 69*o + 127. Let v(p) = 10*p**2 - 35*p + 61. Let t(a) = 2*q(a) - 5*v(a). Calculate t(17).
0
Let p(q) = -9*q + 21. Let g(m) = m + 39. Let v be g(-35). Let s(i) = 19*i - 37. Let r(a) = v*s(a) + 7*p(a). Suppose -3*w + 6 = 0, -b + 2*w - 1 = w. Give r(b).
12
Let p(m) be the second derivative of m**3/6 + 18*m**2 - m. Suppose 3*g = 6*u - 16 - 38, 5*u + 54 = -3*g. What is p(u)?
36
Suppose -2*t = 3*t + 15, -2*m = 5*t + 11. Let v(j) = j + j**m + 1 - 7 - 14. Let r = 0 + 0. What is v(r)?
-20
Let s = -5019 - -4999. Let a(h) = -2*h**2 - 41*h + 6. What is a(s)?
26
Let t(f) = 81*f - 49. Let i(g) = 105*g - 66. Let d(a) = 7*i(a) - 9*t(a). Calculate d(3).
-3
Let g(k) be the second derivative of -4 + 15/2*k**2 - 2*k - 10/3*k**3 + 1/12*k**4. What is g(19)?
-4
Suppose 63*u + 73*u = 47*u + 801. Let a(o) = o**2 - 15*o + 32. Calculate a(u).
-22
Suppose 27 = -20*s + 87. Let b(h) = -h**3 + 2*h**3 + s*h**2 + 12*h**2 - 8*h**2. What is b(-7)?
0
Let f(o) = -o + 7. Let p be f(3). Let g(j) be the third derivative of -j**6/120 + j**5/12 - 5*j**4/24 + 5*j**3/6 - 7*j**2 + j - 78. Determine g(p).
1
Let s(k) = 1264*k**2 - 28*k - 92*k - 630*k**2 - 637*k**2. Calculate s(-40).
0
Let b(g) = -28 + 815*g + 4 - 822*g + 3*g**2. Let s(p) = -2*p**2 + 4*p + 12. Let r(n) = -3*b(n) - 5*s(n). What is r(0)?
12
Let v(u) = -12*u + 2. Let j be -1*1/1*(-5 - 8). Suppose -43 + 4 = j*h. Give v(h).
38
Let r(d) be the third derivative of 0 - 4*d - 6*d**2 + 7/6*d**3 - 1/12*d**4. Give r(5).
-3
Let o(v) be the second derivative of -v**5/20 + v**4 - 2*v**3/3 + 21*v**2/2 + 175*v. Give o(12).
-27
Let n(u) = 44*u. Let k(r) = 90*r - 17. Let f(z) = -k(z) + 2*n(z). Calculate f(12).
-7
Let s(a) = a**3 - a**2 - 3*a + 1. Let u be s(2). Let z(d) = 32*d + 13*d - 58*d + 6*d. Let g(y) = y + 1. Let l(w) = u*z(w) - 3*g(w). Determine l(2).
5
Let k(p) = -26*p + 6914 - 5*p**2 - 2*p**2 + 3*p**2 - 6911. Calculate k(-7).
-11
Let a(n) = -n**3 - 32*n**2 - 58*n + 63. Let v be a(-30). Let k(i) = -18*i + 6. Let y(t) = -t + 1. Let m(o) = k(o) - 6*y(o). What is m(v)?
-36
Let o(u) = 15*u - 8. Let y(h) = -h + 1. Let k(i) = -o(i) - 5*y(i). Let d(t) = 28*t - 7. Let s(m) = -4*d(m) - 11*k(m). Give s(-3).
1
Let o(k) = -26 - 210 + 236 + 8*k. Suppose 3 = -2*s + 1. Determine o(s).
-8
Let y(p) = 6*p**3 + 4*p**2 + 15*p + 7. Suppose 5*h - 30 = -0*h. Let c(x) = 7*x**3 + 3*x**2 + 16*x + 8. Let g(o) = h*y(o) - 5*c(o). Let v = -19 + 11. Give g(v).
-14
Let k = 88 + -106. Let v be (-14)/(-18) - 1 - 76/k. Let s(z) = 0*z + 3*z**2 - 2*z**2 + 2 - z**3 - 3*z + 4*z**2. Calculate s(v).
6
Suppose -2*p - 18 = -34*p - 50. Let i(v) = 28*v**3 + v**2 + v + 1. Let u(j) = -28*j**3 - j**2 - j - 1. Let t(c) = -3*i(c) - 4*u(c). Give t(p).
-27
Let c be 483060/161850 + (-2)/(-130). Let a(s) = -3*s**3 - 3*s**2 + 2*s - 5. Let u(v) = -2*v**3 - v**2 + v - 3. Let h(w) = 3*a(w) - 5*u(w). Give h(c).
-6
Let i be (-12)/7*(115 + -122). Let h(p) = -3*p + 29. Determine h(i).
-7
Let m(w) = -7*w**3 + 2*w**2 - 21*w + 7. Let t(i) = -6*i**3 + 3*i**2 - 20*i + 7. Let q(h) = -5*m(h) + 6*t(h). Determine q(6).
-11
Let p(l) = -122*l**3 - l**2 + 3*l + 3. Let r be p(-1). Let b(w) = -58 - w - 58 + r. Give b(-9).
14
Let v(c) = c. Let d be v(-5). Let x(q) = 8*q - 37. Let f(s) = 13*s - 58. Let y(u) = 2*f(u) - 3*x(u). Calculate y(d).
-15
Let l(p) = -p**2 - 12*p + 4. Let f(u) be the third derivative of u**5/20 + 3*u**4/2 - 11*u**3/6 + 66*u**2. Let q(i) = 2*f(i) + 7*l(i). Calculate q(-13).
-7
Let z(l) = 2*l - 2. Let x(m) = -9*m + 240. Let o be x(27). Let y(a) = -10 - 3*a - 6 - a. Let n be y(o). Determine z(n).
-10
Let u(j) = 2*j + 3. Let g(a) = -a**3 - 8*a**2 - 15*a + 3. Let k be g(-4). Calculate u(k).
1
Let t be 6/16 + (570/16 - 1). Let b = t + -28. Let v(c) = 0*c - 2*c + c. Give v(b).
-7
Let j(d) = 71*d**3 + 20*d**2 - 14*d + 45. Let u(f) = -89*f**3 - 21*f**2 + 13*f - 47. Let w(y) = 5*j(y) + 4*u(y). What is w(15)?
-8
Let s(v) = -v**2 - v - 1. Suppose 10*m = -18 - 142. Let i(b) be the first derivative of -b**3/3 - 8*b**2 - 15. Let x be i(m). Determine s(x).
-1
Let p(h) be the second derivative of -h**6/360 - h**4/24 + 7*h**3/3 - 2*h + 108. Let l(x) be the second derivative of p(x). Calculate l(2).
-5
Let b(y) = -20*y - 2. Let w(u) = 21*u + 1. Let j(n) = -2*b(n) - 3*w(n). Suppose 1 = 4*q + 3*l, 3 = 5*q - 44*l + 46*l. Give j(q).
-22
Let x(v) = -2884*v - v**2 + 963*v + 964*v + 2 + 957*v. What is x(-2)?
-2
Let d(h) = 1. Let b(k) = -7*k - 2. Let x(i) = -b(i) + 3*d(i). Let p(u) = 4*u + 2. Let o(z) = -5*p(z) + 2*x(z). Suppose 16*l - 64 = -48. Give o(l).
-6
Let a(g) = -28*g - 2881. Let k be a(-102). Let i(c) = -c - 5. Determine i(k).
20
Let r(o) be the first derivative of o**4/2 - 4*o**3/3 + o**2/2 + 2*o - 18. Suppose 0 = -m - 10 - 4. Let c be 21/6*(16/m)/(-2). Give r(c).
4
Let a(n) be the first derivative of -n**3/6 - 21*n**2/2 + 80*n - 164. Let b(t) be the first derivative of a(t). Determine b(-14).
-7
Let i(z) be the first derivative of -z**2 - 1. Let n(o) be the third derivative of o**5/60 - o**4/4 - 4*o**3 - 73*o**2. Let x be n(9). Calculate i(x).
-6
Let x(o) = -o**3 + 38*o**2 + 57. Let p(h) = 5*h**2 - h + 2. Let q(n) = -6*p(n) + x(n). Give q(9).
18
Let o(n) be the first derivative of -3*n**2/2 - 7*n + 37. Let r = 78 - 73. Calculate o(r).
-22
Let d(m) = 96*m + 426. Let w(r) = 24*r + 98. Let o(q) = 4*d(q) - 15*w(q). Determine o(-10).
-6
Let b(h) = -h**2 - 2*h + 54. Let g be b(-8). Let d be (1380/27)/(-5) + g/27. Let n(o) = 2*o**2 + 20*o - 8. Give n(d).
-8
Let z(u) = u**2 - 9*u + 14. Suppose -3*j + 5*a + 13 = 0, 0 = 3*j - 106*a + 109*a - 21. Calculate z(j).
-4
Suppose -5*k = -4*y - 888, 462 = 5*y - 7*y - 2*k. Let m = 232 + y. Let x(p) = 2*p**2 - 6*p - 2. Determine x(m).
18
Suppose -6*r = -3*r - 21. Suppose 0 = v - r + 3. Let w(h) = -h + 1. What is w(v)?
-3
Let c(o) = 275 - 1721*o - 1724*o + 3536*o - o**2. Calculate c(-3).
-7
Let j = 2039 + -2034. Let k(b) = b**3 - 6*b**2 + 10*b - 14. Determine k(j).
11
Let p(i) = -4*i + 101. Suppose 9*z - 6127 = -5875. What is p(z)?
-11
Let k(w) be the first derivative of -3*w**2/2 - 2*w + 2484. Calculate k(3).
-11
Suppose -54*p - 5 = 48*p - 5. Let j(n) be the third derivative of -11*n**2 + 1/24*n**4 + 1/30*n**6 + 0*n + p + 1/60*n**5 + 1/3*n**3. What is j(-2)?
-28
Let k(p) = p**2 - 4*p. Suppose -5*o - 5098 = -3*v, -3*v = -0*o + 3*o + 3054. Let y = o - -1021. Give k(y).
-4
Let q(w) be the second derivative of -w**4/12 - w**3/2 - w**2 + 88*w - 3. Let g = -19 - -18. Give q(g).
0
Let m(q) = 4*q - 3. Let v(o) = 9 + 8 - 3*o - 14. Let b(g) = -4*m(g) - 5*v(g). Determine b(-6).
3
Let a(k) = 32*k - 132. Suppose 330*z - 2584 = -316*z. Give a(z).
-4
Let l(c) be the third derivative of -c**4/4 + 6*c**3 + 399*c**2 - 1. Give l(5).
6
Let v(g) be the first derivative of -g**4/4 + 4*g**3/3 - g**2/2 + g + 6. Let p be (-187 + -5)*(2 + -1). Let r = -188 - p. Give v(r).
-3
Let f(m) = m - 8. Suppose -4*w = 2*u - 6, 0*w + 24 = 4*u + 5*w. Let d = u - 9. Let l = -2 + d. What is f(l)?
-8
Let z(y) = 0*y**2 - 1 - 11*y**2 - 20*y**2 - 10*y**2 + 35*y**2 + 3*y. Give z(3).
-46
Suppose 3*w - 5*c = -6, 2*w - 7 = -3*c + 8. Let j(g) = -3*g - 1. What is j(w)?
-10
Let f(d) = 706*d + 5 + 753*d - 1568*d. Determine f(1).
-104
Let z(w) = -w**2 + 19*w + 42. Let q be z(21). Let c be -1 - (q - (-44)/(-4)). Let j(i) = -i**3 - 8 + 2*i**3 - 3*i + i**2 + c. Give j(2).
8
Let g be 4 - (0 - (7 + -317)). Let w = g - -309. Let r(a) = a + 2. What is r(w)?
5
Let u(k) = -k**3 - 2*k - 2. Let b(d) = 7*d**3 + 10*d + 13. Let f(i) = 2*b(i) + 13*u(i). Give f(3).
9
Let b be (-66)/24*(1*-1)/(12/(-48)). Let p(y) = -5*y - 37. What is p(b)?
18
Let k(w) = w**3 + 19*w**2 + 5*w + 21. Let i be 100/25 + -46*(-4)/(-8). Give k(i).
-74
Let g(i) = 6*i**2 - 8*i + 12. Let q be -1 - (-2 + 10)/(-1) - 164/41. Determine g(q).
42
Let d = 85/47 - -253/94. Let m(s) be the first derivative of -3*s**3 + s - d*s**2 - 1/4*s**4 - 45. Calculate m(-8).
9
Let y(p) be the third derivative of -p**6/120 + p**5/20 - p**4/12 + 7*p**3/6 - 323*p**2. What is y(4)?
-17
Suppose 0 = 84*f - 92*f + 96. Let p(u) be the second derivative of u**5/20 - u**4 + u**3/3 - 29*u**2/2 - 200*u. C